{"id":184,"date":"2010-09-07T15:55:52","date_gmt":"2010-09-07T15:55:52","guid":{"rendered":"http:\/\/vefir.hi.is\/fum\/?page_id=184"},"modified":"2010-09-07T15:55:52","modified_gmt":"2010-09-07T15:55:52","slug":"timarit-4-argangur-2007-greinar","status":"publish","type":"page","link":"https:\/\/fum.is\/?page_id=184","title":{"rendered":"2007"},"content":{"rendered":"<p><a href=\"https:\/\/fum.is\/wp-content\/uploads\/2010\/09\/1_kristin1.pdf\" target=\"_blank\"><\/a><a href=\"https:\/\/fum.is\/wp-content\/uploads\/2010\/09\/1_kristin1.pdf\">Krist\u00edn Bjarnad\u00f3ttir. Nokkur t\u00edmam\u00f3t \u00ed s\u00f6gu \u00edslenskrar st\u00e6r\u00f0fr\u00e6\u00f0imenntunar.<\/a><\/p>\n<p><a href=\"https:\/\/fum.is\/wp-content\/uploads\/2010\/09\/2_einar1.pdf\" target=\"_blank\"><\/a><a href=\"https:\/\/fum.is\/wp-content\/uploads\/2010\/09\/2_einar1.pdf\">Einar Gu\u00f0mundsson. \u00de\u00e1ttabygging kennsluk\u00f6nnunar \u00ed grunnn\u00e1mi vi\u00f0 H\u00e1sk\u00f3la \u00cdslands<\/a><\/p>\n<p><a href=\"https:\/\/fum.is\/wp-content\/uploads\/2010\/09\/3_haftor1.pdf\" target=\"_blank\"><\/a><a href=\"https:\/\/fum.is\/wp-content\/uploads\/2010\/09\/3_haftor1.pdf\">Haf\u00fe\u00f3r Gu\u00f0j\u00f3nsson. A\u00f0 kenna \u00ed lj\u00f3si fr\u00e6\u00f0a og ranns\u00f3kna<\/a><\/p>\n<p><a href=\"https:\/\/fum.is\/wp-content\/uploads\/2010\/09\/4_kristin1.pdf\" target=\"_blank\"><\/a><a href=\"https:\/\/fum.is\/wp-content\/uploads\/2010\/09\/4_kristin1.pdf\">Krist\u00edn A\u00f0alsteinsd\u00f3ttir. A\u00f0 styrkja \u201ehaldreipi sk\u00f3lastarfsins\u201c Menntun grunnsk\u00f3lakennara \u00e1 \u00cdslandi \u00ed 100 \u00e1r.<\/a><\/p>\n<p><a href=\"https:\/\/fum.is\/wp-content\/uploads\/2010\/09\/5_meyvant_allyson_eggert1.pdf\" target=\"_blank\"><\/a><a href=\"https:\/\/fum.is\/wp-content\/uploads\/2010\/09\/5_meyvant_allyson_eggert1.pdf\">Meyvant \u00de\u00f3r\u00f3lfsson, Allyson Macdonald og Eggert L\u00e1russon. S\u00fdn fimm grunnsk\u00f3lakennara \u00e1 n\u00e1m og kennslu \u00ed n\u00e1tt\u00faruv\u00edsindum.<\/a><\/p>\n<p><a href=\"https:\/\/fum.is\/wp-content\/uploads\/2010\/09\/6_einar_emil\u00eda1.pdf\" target=\"_blank\"><\/a><a href=\"https:\/\/fum.is\/wp-content\/uploads\/2010\/09\/6_einar_emil\u00eda1.pdf\">Einar Gu\u00f0mundsson og Emil\u00eda Gu\u00f0mundsd\u00f3ttir. \u00de\u00e1ttabygging og \u00e1rei\u00f0anleiki \u00edslenskrar \u00fe\u00fd\u00f0ingar \u00e1 kennaralista Conners.<\/a><\/p>\n<p><a href=\"https:\/\/fum.is\/wp-content\/uploads\/2010\/09\/7_hronn_thordis1.pdf\" target=\"_blank\"><\/a><a href=\"https:\/\/fum.is\/wp-content\/uploads\/2010\/09\/7_hronn_thordis1.pdf\">Hr\u00f6nn P\u00e1lmad\u00f3ttir og \u00de\u00f3rd\u00eds \u00de\u00f3r\u00f0ard\u00f3ttir. \u201e\u00dea\u00f0 sem \u00e1\u00f0ur var banna\u00f0 er n\u00fa leikur\u201c Breytingar \u00e1 uppeldiss\u00fdn leiksk\u00f3la.<\/a><\/p>\n<p><a href=\"https:\/\/fum.is\/wp-content\/uploads\/2010\/09\/8_kristin_gudmundur_ragnheidur1.pdf\" target=\"_blank\"><\/a><a href=\"https:\/\/fum.is\/wp-content\/uploads\/2010\/09\/8_kristin_gudmundur_ragnheidur1.pdf\">Krist\u00edn A\u00f0alsteinsd\u00f3ttir, Gu\u00f0mundur Engilbertsson og Ragnhei\u00f0ur Gunnbj\u00f6rnsd\u00f3ttir. Fj\u00f6lmenningarleg kennsla \u00ed Manitoba \u00ed Kanada, \u00ed Noregi og \u00e1 \u00cdslandi.<\/a><\/p>\n<p><a href=\"https:\/\/fum.is\/wp-content\/uploads\/2010\/09\/9_vidtal_alison1.pdf\" target=\"_blank\"><\/a><a href=\"https:\/\/fum.is\/wp-content\/uploads\/2010\/09\/9_vidtal_alison1.pdf\">Krist\u00edn J\u00f3nsd\u00f3ttir og Ragnar F. \u00d3lafsson Menntunargildran: Vi\u00f0tal vi\u00f0 Alison Wolf, pr\u00f3fessor vi\u00f0 King\u2018s College \u00ed London.<\/a><\/p>\n","protected":false},"excerpt":{"rendered":"<p>Krist\u00edn Bjarnad\u00f3ttir. Nokkur t\u00edmam\u00f3t \u00ed s\u00f6gu \u00edslenskrar st\u00e6r\u00f0fr\u00e6\u00f0imenntunar. Einar Gu\u00f0mundsson. \u00de\u00e1ttabygging kennsluk\u00f6nnunar \u00ed grunnn\u00e1mi vi\u00f0 H\u00e1sk\u00f3la \u00cdslands Haf\u00fe\u00f3r Gu\u00f0j\u00f3nsson. A\u00f0 kenna \u00ed lj\u00f3si fr\u00e6\u00f0a og ranns\u00f3kna Krist\u00edn A\u00f0alsteinsd\u00f3ttir. A\u00f0 styrkja \u201ehaldreipi sk\u00f3lastarfsins\u201c Menntun grunnsk\u00f3lakennara \u00e1 \u00cdslandi \u00ed 100 \u00e1r. Meyvant \u00de\u00f3r\u00f3lfsson, Allyson Macdonald og Eggert L\u00e1russon. S\u00fdn fimm grunnsk\u00f3lakennara \u00e1 n\u00e1m og kennslu \u00ed n\u00e1tt\u00faruv\u00edsindum. [&hellip;]<\/p>\n","protected":false},"author":1,"featured_media":0,"parent":643,"menu_order":3,"comment_status":"closed","ping_status":"closed","template":"","meta":{"footnotes":""},"categories":[],"tags":[],"class_list":["post-184","page","type-page","status-publish","hentry"],"_links":{"self":[{"href":"https:\/\/fum.is\/index.php?rest_route=\/wp\/v2\/pages\/184","targetHints":{"allow":["GET"]}}],"collection":[{"href":"https:\/\/fum.is\/index.php?rest_route=\/wp\/v2\/pages"}],"about":[{"href":"https:\/\/fum.is\/index.php?rest_route=\/wp\/v2\/types\/page"}],"author":[{"embeddable":true,"href":"https:\/\/fum.is\/index.php?rest_route=\/wp\/v2\/users\/1"}],"replies":[{"embeddable":true,"href":"https:\/\/fum.is\/index.php?rest_route=%2Fwp%2Fv2%2Fcomments&post=184"}],"version-history":[{"count":0,"href":"https:\/\/fum.is\/index.php?rest_route=\/wp\/v2\/pages\/184\/revisions"}],"up":[{"embeddable":true,"href":"https:\/\/fum.is\/index.php?rest_route=\/wp\/v2\/pages\/643"}],"wp:attachment":[{"href":"https:\/\/fum.is\/index.php?rest_route=%2Fwp%2Fv2%2Fmedia&parent=184"}],"wp:term":[{"taxonomy":"category","embeddable":true,"href":"https:\/\/fum.is\/index.php?rest_route=%2Fwp%2Fv2%2Fcategories&post=184"},{"taxonomy":"post_tag","embeddable":true,"href":"https:\/\/fum.is\/index.php?rest_route=%2Fwp%2Fv2%2Ftags&post=184"}],"curies":[{"name":"wp","href":"https:\/\/api.w.org\/{rel}","templated":true}]}}