{"id":346,"date":"2010-11-23T13:19:32","date_gmt":"2010-11-23T13:19:32","guid":{"rendered":"http:\/\/vefir.hi.is\/fum\/?page_id=346"},"modified":"2023-02-06T02:43:59","modified_gmt":"2023-02-06T02:43:59","slug":"2005-2","status":"publish","type":"page","link":"https:\/\/fum.is\/?page_id=346","title":{"rendered":"2005"},"content":{"rendered":"<p><a href=\"https:\/\/fum.is\/wp-content\/uploads\/2010\/11\/radstefnufundir20051.pdf\"><\/a><a href=\"https:\/\/fum.is\/wp-content\/uploads\/2010\/11\/radstefnufundir20051.pdf\">R\u00e1\u00f0stefnufundir 2005<\/a><\/p>\n<p><a href=\"https:\/\/fum.is\/wp-content\/uploads\/2010\/11\/12des20051.pdf\"><\/a><a href=\"https:\/\/fum.is\/wp-content\/uploads\/2010\/11\/12des20051.pdf\">12. desember 2005<\/a><\/p>\n<p><a href=\"https:\/\/fum.is\/wp-content\/uploads\/2010\/11\/31okt20051.pdf\"><\/a><a href=\"https:\/\/fum.is\/wp-content\/uploads\/2010\/11\/31okt20051.pdf\">31. okt\u00f3ber 2005<\/a><\/p>\n<p><a href=\"https:\/\/fum.is\/wp-content\/uploads\/2010\/11\/5sept20051.pdf\"><\/a><a href=\"https:\/\/fum.is\/wp-content\/uploads\/2010\/11\/5sept20051.pdf\">5. september 2005<\/a><\/p>\n<p><a href=\"https:\/\/fum.is\/wp-content\/uploads\/2010\/11\/17mai20051.pdf\"><\/a><a href=\"https:\/\/fum.is\/wp-content\/uploads\/2010\/11\/17mai20051.pdf\">17. ma\u00ed 2005<\/a><\/p>\n<p><a href=\"https:\/\/fum.is\/wp-content\/uploads\/2010\/11\/9mai20051.pdf\"><\/a><a href=\"https:\/\/fum.is\/wp-content\/uploads\/2010\/11\/9mai20051.pdf\">9. ma\u00ed 2005<\/a><\/p>\n<p><a href=\"https:\/\/fum.is\/wp-content\/uploads\/2010\/11\/26april20051.pdf\"><\/a><a href=\"https:\/\/fum.is\/wp-content\/uploads\/2010\/11\/26april20051.pdf\">26. apr\u00edl 2005<\/a><\/p>\n<p><a href=\"https:\/\/fum.is\/wp-content\/uploads\/2010\/11\/21mars2005b1.pdf\"><\/a><a href=\"https:\/\/fum.is\/wp-content\/uploads\/2010\/11\/21mars2005b1.pdf\">21. mars 2005 b<\/a><\/p>\n<p><a href=\"https:\/\/fum.is\/wp-content\/uploads\/2010\/11\/21mars20051.pdf\"><\/a><a href=\"https:\/\/fum.is\/wp-content\/uploads\/2010\/11\/21mars20051.pdf\">21. mars 2005<\/a><\/p>\n<p><a href=\"https:\/\/fum.is\/wp-content\/uploads\/2010\/11\/8feb20051.pdf\"><\/a><a href=\"https:\/\/fum.is\/wp-content\/uploads\/2010\/11\/8feb20051.pdf\">8. febr\u00faar 2005<\/a><\/p>\n<p><a href=\"https:\/\/fum.is\/wp-content\/uploads\/2010\/11\/12jan20051.pdf\"><\/a><a href=\"https:\/\/fum.is\/wp-content\/uploads\/2010\/11\/12jan20051.pdf\">12. jan\u00faar 2005<\/a><\/p>\n<p style=\"text-align: center;\">\n","protected":false},"excerpt":{"rendered":"<p>R\u00e1\u00f0stefnufundir 2005 12. desember 2005 31. okt\u00f3ber 2005 5. september 2005 17. ma\u00ed 2005 9. ma\u00ed 2005 26. apr\u00edl 2005 21. mars 2005 b 21. mars 2005 8. febr\u00faar 2005 12. jan\u00faar 2005<\/p>\n","protected":false},"author":1,"featured_media":0,"parent":267,"menu_order":0,"comment_status":"closed","ping_status":"closed","template":"","meta":{"footnotes":""},"categories":[15],"tags":[],"class_list":["post-346","page","type-page","status-publish","hentry","category-fundargerdir"],"_links":{"self":[{"href":"https:\/\/fum.is\/index.php?rest_route=\/wp\/v2\/pages\/346","targetHints":{"allow":["GET"]}}],"collection":[{"href":"https:\/\/fum.is\/index.php?rest_route=\/wp\/v2\/pages"}],"about":[{"href":"https:\/\/fum.is\/index.php?rest_route=\/wp\/v2\/types\/page"}],"author":[{"embeddable":true,"href":"https:\/\/fum.is\/index.php?rest_route=\/wp\/v2\/users\/1"}],"replies":[{"embeddable":true,"href":"https:\/\/fum.is\/index.php?rest_route=%2Fwp%2Fv2%2Fcomments&post=346"}],"version-history":[{"count":1,"href":"https:\/\/fum.is\/index.php?rest_route=\/wp\/v2\/pages\/346\/revisions"}],"predecessor-version":[{"id":1541,"href":"https:\/\/fum.is\/index.php?rest_route=\/wp\/v2\/pages\/346\/revisions\/1541"}],"up":[{"embeddable":true,"href":"https:\/\/fum.is\/index.php?rest_route=\/wp\/v2\/pages\/267"}],"wp:attachment":[{"href":"https:\/\/fum.is\/index.php?rest_route=%2Fwp%2Fv2%2Fmedia&parent=346"}],"wp:term":[{"taxonomy":"category","embeddable":true,"href":"https:\/\/fum.is\/index.php?rest_route=%2Fwp%2Fv2%2Fcategories&post=346"},{"taxonomy":"post_tag","embeddable":true,"href":"https:\/\/fum.is\/index.php?rest_route=%2Fwp%2Fv2%2Ftags&post=346"}],"curies":[{"name":"wp","href":"https:\/\/api.w.org\/{rel}","templated":true}]}}