{"id":483,"date":"2010-11-26T15:02:40","date_gmt":"2010-11-26T15:02:40","guid":{"rendered":"http:\/\/vefir.hi.is\/fum\/?page_id=483"},"modified":"2010-11-26T15:02:40","modified_gmt":"2010-11-26T15:02:40","slug":"6-argangur-stakar-greinar","status":"publish","type":"page","link":"https:\/\/fum.is\/?page_id=483","title":{"rendered":"2009"},"content":{"rendered":"<p><a href=\"https:\/\/fum.is\/wp-content\/uploads\/2010\/11\/1_gudmundur1.pdf\"><\/a><a href=\"https:\/\/fum.is\/wp-content\/uploads\/2010\/11\/1_gudmundur1.pdf\"><\/a><a href=\"https:\/\/fum.is\/wp-content\/uploads\/2010\/11\/1_gudmundur1.pdf\">Pistillinn: Gu\u00f0mundur Hei\u00f0ar Fr\u00edmannsson. H\u00e1sk\u00f3lar, kreppa og v\u00edsindi<\/a><\/p>\n<p><a href=\"https:\/\/fum.is\/wp-content\/uploads\/2010\/11\/2_arsall_\u00feoroddur1.pdf\"><\/a><a href=\"https:\/\/fum.is\/wp-content\/uploads\/2010\/11\/2_arsall_\u00feoroddur1.pdf\">\u00c1rs\u00e6ll M. Arnarsson og \u00de\u00f3roddur Bjarnason. Einelti og samskipti vi\u00f0 fj\u00f6lskyldu og vini me\u00f0al 6., 8. og 10. bekkinga <\/a><\/p>\n<p><a href=\"https:\/\/fum.is\/wp-content\/uploads\/2010\/11\/3_gudridur1.pdf\"><\/a><a href=\"https:\/\/fum.is\/wp-content\/uploads\/2010\/11\/3_gudridur1.pdf\">Gu\u00f0r\u00ed\u00f0ur Adda Ragnarsd\u00f3ttir. Nemanda me\u00f0 alvarlega m\u00e1lh\u00f6mlun kennt a\u00f0 greina m\u00e1lhlj\u00f3\u00f0 og lesa me\u00f0 beinum fyrirm\u00e6lum og hnnitmi\u00f0a\u00f0ri f\u00e6rni\u00fej\u00e1lfun<\/a><\/p>\n<p><a href=\"https:\/\/fum.is\/wp-content\/uploads\/2010\/11\/4_kristinbjarna1.pdf\"><\/a><a href=\"https:\/\/fum.is\/wp-content\/uploads\/2010\/11\/4_kristinbjarna1.pdf\">Krist\u00edn Bjarnad\u00f3ttir. Gr\u00f3ska og st\u00f6\u00f0nun \u00ed st\u00e6r\u00f0fr\u00e6\u00f0imenntun 1880-1970<\/a><\/p>\n<p><a href=\"https:\/\/fum.is\/wp-content\/uploads\/2010\/11\/5_kristinvals1.pdf\"><\/a><a href=\"https:\/\/fum.is\/wp-content\/uploads\/2010\/11\/5_kristinvals1.pdf\">Krist\u00edn Valsd\u00f3ttir. Hlutverkavitund og starfsumhverfi fars\u00e6lla t\u00f3nmenntakennara<\/a><\/p>\n<p><a href=\"https:\/\/fum.is\/wp-content\/uploads\/2010\/11\/6_meyvant_allyson_eggert1.pdf\"><\/a><a href=\"https:\/\/fum.is\/wp-content\/uploads\/2010\/11\/6_meyvant_allyson_eggert1.pdf\">Meyvant \u00de\u00f3r\u00f3lfsson, Allyson Macdonald og Eggert L\u00e1russon. N\u00e1tt\u00farufr\u00e6\u00f0in\u00e1m me\u00f0 stu\u00f0ningi uppl\u00fdsinga- og samskiptat\u00e6kn<\/a>i<\/p>\n<p><a href=\"https:\/\/fum.is\/wp-content\/uploads\/2010\/11\/7_samuel1.pdf\"><\/a><a href=\"https:\/\/fum.is\/wp-content\/uploads\/2010\/11\/7_samuel1.pdf\">Sam\u00fael Lefever. Are National Curriculum objectives for teaching English being met in Icelandic compulsory schools?<\/a><\/p>\n<p><a href=\"https:\/\/fum.is\/wp-content\/uploads\/2010\/11\/8_sigridur1.pdf\"><\/a><a href=\"https:\/\/fum.is\/wp-content\/uploads\/2010\/11\/8_sigridur1.pdf\">Sigr\u00ed\u00f0ur S\u00edta P\u00e9tursd\u00f3ttir. \u201eBl\u00edtt bros og hl\u00fdtt fa\u00f0mlag&#8220;. Um vi\u00f0horf leiksk\u00f3lakennara til umhyggju \u00edleiksk\u00f3lastarfi<\/a><\/p>\n<p><a href=\"https:\/\/fum.is\/wp-content\/uploads\/2010\/11\/9_ritdomur1.pdf\">Ritd\u00f3mur: Sigurj\u00f3n M\u00fdrdal. Myndarlegt framlag til faglegrar umr\u00e6\u00f0u. Ums\u00f6gn um \u201eF\u00e9lagsfr\u00e6\u00f0i menntunar&#8220; eftir Gest Gu\u00f0mundsson<\/a><\/p>\n<p><a href=\"https:\/\/fum.is\/wp-content\/uploads\/2010\/11\/9_ritdomur1.pdf\"><\/a><a href=\"https:\/\/fum.is\/wp-content\/uploads\/2010\/11\/8_vidbrogd_pistli_mar1.pdf\"><\/a><a href=\"https:\/\/fum.is\/wp-content\/uploads\/2010\/11\/10_rannsoknarryni.pdf\">Ranns\u00f3knarr\u00fdni: Gu\u00f0mundur B. Kristmundsson. R\u00fdnt \u00ed sk\u00fdrsluna Sta\u00f0a lestrarkennslu \u00ed \u00edslenskum grunnsk\u00f3lum<\/a><\/p>\n","protected":false},"excerpt":{"rendered":"<p>Pistillinn: Gu\u00f0mundur Hei\u00f0ar Fr\u00edmannsson. H\u00e1sk\u00f3lar, kreppa og v\u00edsindi \u00c1rs\u00e6ll M. Arnarsson og \u00de\u00f3roddur Bjarnason. Einelti og samskipti vi\u00f0 fj\u00f6lskyldu og vini me\u00f0al 6., 8. og 10. bekkinga Gu\u00f0r\u00ed\u00f0ur Adda Ragnarsd\u00f3ttir. Nemanda me\u00f0 alvarlega m\u00e1lh\u00f6mlun kennt a\u00f0 greina m\u00e1lhlj\u00f3\u00f0 og lesa me\u00f0 beinum fyrirm\u00e6lum og hnnitmi\u00f0a\u00f0ri f\u00e6rni\u00fej\u00e1lfun Krist\u00edn Bjarnad\u00f3ttir. Gr\u00f3ska og st\u00f6\u00f0nun \u00ed st\u00e6r\u00f0fr\u00e6\u00f0imenntun 1880-1970 Krist\u00edn [&hellip;]<\/p>\n","protected":false},"author":1,"featured_media":0,"parent":643,"menu_order":1,"comment_status":"closed","ping_status":"closed","template":"","meta":{"footnotes":""},"categories":[],"tags":[],"class_list":["post-483","page","type-page","status-publish","hentry"],"_links":{"self":[{"href":"https:\/\/fum.is\/index.php?rest_route=\/wp\/v2\/pages\/483","targetHints":{"allow":["GET"]}}],"collection":[{"href":"https:\/\/fum.is\/index.php?rest_route=\/wp\/v2\/pages"}],"about":[{"href":"https:\/\/fum.is\/index.php?rest_route=\/wp\/v2\/types\/page"}],"author":[{"embeddable":true,"href":"https:\/\/fum.is\/index.php?rest_route=\/wp\/v2\/users\/1"}],"replies":[{"embeddable":true,"href":"https:\/\/fum.is\/index.php?rest_route=%2Fwp%2Fv2%2Fcomments&post=483"}],"version-history":[{"count":0,"href":"https:\/\/fum.is\/index.php?rest_route=\/wp\/v2\/pages\/483\/revisions"}],"up":[{"embeddable":true,"href":"https:\/\/fum.is\/index.php?rest_route=\/wp\/v2\/pages\/643"}],"wp:attachment":[{"href":"https:\/\/fum.is\/index.php?rest_route=%2Fwp%2Fv2%2Fmedia&parent=483"}],"wp:term":[{"taxonomy":"category","embeddable":true,"href":"https:\/\/fum.is\/index.php?rest_route=%2Fwp%2Fv2%2Fcategories&post=483"},{"taxonomy":"post_tag","embeddable":true,"href":"https:\/\/fum.is\/index.php?rest_route=%2Fwp%2Fv2%2Ftags&post=483"}],"curies":[{"name":"wp","href":"https:\/\/api.w.org\/{rel}","templated":true}]}}