{"id":54,"date":"2010-09-07T08:48:14","date_gmt":"2010-09-07T08:48:14","guid":{"rendered":"http:\/\/vefir.hi.is\/fum\/?page_id=54"},"modified":"2016-05-11T16:52:37","modified_gmt":"2016-05-11T16:52:37","slug":"atbur%c3%b0ir","status":"publish","type":"page","link":"https:\/\/fum.is\/?page_id=54","title":{"rendered":"R\u00e1\u00f0stefna FUM ma\u00ed 2016"},"content":{"rendered":"<p>R\u00e1\u00f0stefna FUM ver\u00f0ur haldin 12. og 13. ma\u00ed 2016 \u00ed h\u00fasi Menntav\u00edsindasvi\u00f0s H\u00cd vi\u00f0 Stakkahl\u00ed\u00f0. R\u00e1\u00f0stefnan fer fram \u00e1 ensku en s\u00e9rstakir gestir ver\u00f0a f\u00e9lagar \u00ed SERA (skosku menntasamt\u00f6kunum).<\/p>\n<p>Yfirskrift r\u00e1\u00f0stefnunnar er:<\/p>\n<p align=\"center\"><strong>Challenges Facing Educational Researchers<\/strong><\/p>\n<p style=\"text-align: left;\" align=\"center\">Dagskr\u00e1 og lista yfir \u00fe\u00e1tttakendur m\u00e1 finna <a href=\"https:\/\/fum.is\/wp-content\/uploads\/2016\/05\/Dagskr\u00e1-\u00fe\u00e1tttakendalisti.pdf\">h\u00e9r<\/a><\/p>\n<p style=\"text-align: left;\" align=\"center\"><a href=\"https:\/\/fum.is\/wp-content\/uploads\/2016\/05\/Abstracts-FUM.pdf\">\u00c1grip<\/a><\/p>\n<p style=\"text-align: left;\" align=\"center\"><a href=\"https:\/\/fum.is\/wp-content\/uploads\/2016\/05\/Parallel-sessions.pdf\">Yfirlit yfir m\u00e1lstofur<\/a><\/p>\n<p style=\"text-align: left;\" align=\"center\">Yfirlit yfir m\u00e1lstofur<\/p>\n<p style=\"text-align: left;\" align=\"center\">A\u00f0alfyrirlesarar ver\u00f0a:<\/p>\n<ul>\n<li><a href=\"http:\/\/starfsfolk.hi.is\/simaskra\/4845\">Herv\u00f6r Alma \u00c1rnad\u00f3ttir H\u00e1sk\u00f3la \u00cdslands<\/a><\/li>\n<li><a href=\"http:\/\/uni.hi.is\/ingo\/\">Ing\u00f3lfur \u00c1sgeir J\u00f3hannesson H\u00e1sk\u00f3la \u00cdslands<\/a><\/li>\n<li><a href=\"http:\/\/www.abdn.ac.uk\/education\/people\/profiles\/l.t.gray\">Laura Colucci-Gray\u00a0 University of Aberdeen<\/a><\/li>\n<li><a href=\"http:\/\/www.gla.ac.uk\/schools\/education\/staff\/stephenmckinney\/#\/researchinterests\">Stephen McKinney University of Glasgow<\/a><\/li>\n<\/ul>\n<p>Vinsamlega skr\u00e1i\u00f0 ykkur til \u00fe\u00e1ttt\u00f6ku fyrir 4. ma\u00ed. R\u00e1\u00f0stefnugjald er 3.900 kr. fyrir f\u00e9laga \u00ed FUM en 5.900 kr. fyrir a\u00f0ra.\u00a0 Tv\u00e6r lei\u00f0ir eru til a\u00f0 skr\u00e1 sig \u00e1 r\u00e1\u00f0stefnuna.<\/p>\n<ol>\n<li>Grei\u00f0a r\u00e1\u00f0stefnugjald inn \u00e1 reikning FUM kt. 6709024040 reikningur 0133-15-380049. Senda s\u00ed\u00f0an kvittun \u00e1 amaliabj@hi.is. H\u00e6gt ver\u00f0ur a\u00f0 f\u00e1 kvittun fyrir grei\u00f0slu s\u00e9 \u00feess \u00f3ska\u00f0.<\/li>\n<li>\u00a0Senda t\u00f6lvup\u00f3st \u00e1 amaliabj@hi.is me\u00f0 nafni og kennit\u00f6lu. Grei\u00f0sluse\u00f0ill fyrir r\u00e1\u00f0stefnugjaldinu pl\u00fas bankakostna\u00f0ur ver\u00f0ur sendur \u00fat.<\/li>\n<\/ol>\n","protected":false},"excerpt":{"rendered":"<p>R\u00e1\u00f0stefna FUM ver\u00f0ur haldin 12. og 13. ma\u00ed 2016 \u00ed h\u00fasi Menntav\u00edsindasvi\u00f0s H\u00cd vi\u00f0 Stakkahl\u00ed\u00f0. R\u00e1\u00f0stefnan fer fram \u00e1 ensku en s\u00e9rstakir gestir ver\u00f0a f\u00e9lagar \u00ed SERA (skosku menntasamt\u00f6kunum). Yfirskrift r\u00e1\u00f0stefnunnar er: Challenges Facing Educational Researchers Dagskr\u00e1 og lista yfir \u00fe\u00e1tttakendur m\u00e1 finna h\u00e9r \u00c1grip Yfirlit yfir m\u00e1lstofur Yfirlit yfir m\u00e1lstofur A\u00f0alfyrirlesarar ver\u00f0a: Herv\u00f6r Alma [&hellip;]<\/p>\n","protected":false},"author":1,"featured_media":0,"parent":0,"menu_order":4,"comment_status":"closed","ping_status":"closed","template":"","meta":{"footnotes":""},"categories":[],"tags":[],"class_list":["post-54","page","type-page","status-publish","hentry"],"_links":{"self":[{"href":"https:\/\/fum.is\/index.php?rest_route=\/wp\/v2\/pages\/54","targetHints":{"allow":["GET"]}}],"collection":[{"href":"https:\/\/fum.is\/index.php?rest_route=\/wp\/v2\/pages"}],"about":[{"href":"https:\/\/fum.is\/index.php?rest_route=\/wp\/v2\/types\/page"}],"author":[{"embeddable":true,"href":"https:\/\/fum.is\/index.php?rest_route=\/wp\/v2\/users\/1"}],"replies":[{"embeddable":true,"href":"https:\/\/fum.is\/index.php?rest_route=%2Fwp%2Fv2%2Fcomments&post=54"}],"version-history":[{"count":21,"href":"https:\/\/fum.is\/index.php?rest_route=\/wp\/v2\/pages\/54\/revisions"}],"predecessor-version":[{"id":1330,"href":"https:\/\/fum.is\/index.php?rest_route=\/wp\/v2\/pages\/54\/revisions\/1330"}],"wp:attachment":[{"href":"https:\/\/fum.is\/index.php?rest_route=%2Fwp%2Fv2%2Fmedia&parent=54"}],"wp:term":[{"taxonomy":"category","embeddable":true,"href":"https:\/\/fum.is\/index.php?rest_route=%2Fwp%2Fv2%2Fcategories&post=54"},{"taxonomy":"post_tag","embeddable":true,"href":"https:\/\/fum.is\/index.php?rest_route=%2Fwp%2Fv2%2Ftags&post=54"}],"curies":[{"name":"wp","href":"https:\/\/api.w.org\/{rel}","templated":true}]}}